
Let o(s) = -495*s - 14358. What is o(-29)?
-3
Let m(a) = 4*a**3 + 23*a**2 - 13*a + 4. Determine m(-6).
46
Let q(x) = x**3 + 10*x**2 - 47*x - 28. Calculate q(-14).
-154
Let p(y) = -9*y + 228. Determine p(27).
-15
Let j(z) = -38*z + 469. Determine j(14).
-63
Let u(b) = -24*b + 138. Determine u(10).
-102
Let r(n) = 16*n**3 + 2*n**2 + 5*n + 2. Determine r(-1).
-17
Let a(b) = -7*b**2 + 295*b - 28. Calculate a(42).
14
Let m(s) = s**3 + 11*s**2 + 4*s + 54. Calculate m(-11).
10
Let a(t) = -t**3 - 29*t**2 - 7*t + 658. What is a(-28)?
70
Let u(d) = -4*d - 215. What is u(-51)?
-11
Let b(x) = x**2 - 86*x + 1524. Determine b(61).
-1
Let f(n) = -23*n - 454. Calculate f(-24).
98
Let b(k) = 49*k + 527. Give b(-10).
37
Let k(u) = u**3 + 3*u**2 - 4*u + 81. What is k(-6)?
-3
Let x(c) = 2*c**3 + 7*c**2 + 9*c + 7. Give x(-2).
1
Let x(t) = t**3 + 33*t**2 + 52*t - 298. Determine x(-31).
12
Let v(d) = d**3 + 5*d**2 - 14*d - 66. Calculate v(-3).
-6
Let t(a) = 2*a**2 + 112*a - 1317. Give t(-66).
3
Let g(n) = 5*n**2 + 86*n - 174. Determine g(2).
18
Let c(w) = -w**3 - 9*w**2 - 6*w - 12. Determine c(-5).
-82
Let g(c) = 3709*c - 22238. What is g(6)?
16
Let y(s) = -s**2 - 40*s - 401. Give y(-18).
-5
Let h(p) = 3*p**2 + 79*p - 362. Give h(4).
2
Let a(t) = -12*t - 304. Calculate a(-13).
-148
Let k(r) = 1762*r + 1754. Give k(-1).
-8
Let l(a) = a**3 - 5*a**2 - 50*a - 95. Calculate l(-5).
-95
Let z(y) = 2*y**2 + 64*y + 175. Determine z(-37).
545
Let t(g) = -3*g**3 + 23*g**2 + 5*g - 41. What is t(8)?
-65
Let o(x) = -2*x**2 + 7*x + 58. What is o(16)?
-342
Let j(d) = 1207*d - 18108. Give j(15).
-3
Let r(s) = 27*s + 662. Determine r(-22).
68
Let l(t) = 4*t**2 + 16*t + 31. What is l(-6)?
79
Let f(l) = 35*l + 490. What is f(-14)?
0
Let o(y) = 4*y**2 + 473*y + 571. What is o(-117)?
-14
Let r(v) = -783*v - 812. Determine r(-1).
-29
Let s(v) = v**3 - 77*v. What is s(0)?
0
Let n(q) = 41*q + 232. Determine n(-3).
109
Let n(o) = o**3 - 5*o**2 - 7*o + 18. Give n(4).
-26
Let a(u) = -19*u + 185. Determine a(22).
-233
Let g(u) = 56*u**2 + 558*u - 22. Determine g(-10).
-2
Let u(z) = z**2 - 262*z + 10918. Determine u(210).
-2
Let k(a) = a**3 + 26*a**2 + 74*a + 13. Calculate k(-3).
-2
Let x(m) = 4*m**3 - 67*m**2 - 14*m - 45. What is x(17)?
6
Let y(d) = 2*d**2 - 39*d - 76. Give y(0).
-76
Let d(a) = a**3 - 63*a**2 + 54*a + 481. Give d(62).
-15
Let j(u) = -62*u - 1087. Give j(-17).
-33
Let c(g) = 8679*g + 26028. Calculate c(-3).
-9
Let k(h) = -h**3 - h**2 + 157*h - 35. Calculate k(-13).
-48
Let t(q) = -170*q - 893. What is t(-5)?
-43
Let z(o) = 34*o + 1297. Determine z(-39).
-29
Let j(v) = v**3 - 25*v**2 + 158*v - 25. Give j(11).
19
Let s(z) = 5*z - 323. Give s(32).
-163
Let k(f) = -83*f**2 - 663*f - 4. Determine k(-8).
-12
Let i(n) = -34*n - 1780. Determine i(-52).
-12
Let b(w) = 2*w**3 + 9*w**2 - 48*w - 97. Give b(-7).
-6
Let u(q) = q**3 - 17*q**2 + 69*q - 186. Calculate u(9).
-213
Let r(p) = -p**3 - 37*p**2 - 107*p - 164. Give r(-34).
6
Let j(x) = 2257*x + 9035. What is j(-4)?
7
Let r(m) = -m**3 - 14*m**2 - 33*m - 20. Calculate r(-8).
-140
Let a(w) = -2*w**2 - 45*w - 210. What is a(-16)?
-2
Let s(n) = n**3 + 9*n**2 + 25*n - 26. What is s(-7)?
-103
Let k(p) = -p**3 - 10*p**2 - 15*p - 117. Determine k(-6).
-171
Let n(j) = 17*j + 239. Give n(-15).
-16
Let d(u) = u**3 + 198*u**2 - 607*u - 803. Give d(-201).
1
Let c(u) = -3*u**2 - 191*u - 919. What is c(-58)?
67
Let b(d) = 76*d + 3451. What is b(-39)?
487
Let o(h) = -3*h - 128. Give o(20).
-188
Let v(o) = o**3 + 53*o**2 + 59*o + 282. Calculate v(-52).
-82
Let a(j) = 794*j - 781. Give a(1).
13
Let n(g) = -141*g + 12986. Determine n(92).
14
Let r(w) = -21*w + 583. What is r(30)?
-47
Let u(n) = n**2 + 112*n - 1780. Calculate u(14).
-16
Let d(o) = -117*o + 1652. Calculate d(14).
14
Let j(d) = d**3 - 27*d**2 + 13*d + 36. Determine j(26).
-302
Let z(i) = -i**3 - 40*i**2 - 33*i + 274. What is z(-39)?
40
Let q(m) = m**3 + m**2 - 34*m + 13. Determine q(5).
-7
Let w(q) = -q**3 - 30*q**2 - 6*q - 154. Determine w(-30).
26
Let t(q) = 4*q**2 - 480*q + 481. Give t(1).
5
Let u(w) = 18*w - 35. What is u(0)?
-35
Let v(l) = -2*l**2 - 14*l - 84. Determine v(-6).
-72
Let p(l) = -l**3 - 22*l**2 - 32*l - 67. What is p(-20)?
-227
Let z(m) = m**3 + 62*m**2 + 14*m + 863. What is z(-62)?
-5
Let d(g) = -155*g - 1994. Determine d(-13).
21
Let l(b) = 349*b - 112037. What is l(321)?
-8
Let w(l) = -18*l**2 + 43*l + 92. Calculate w(-2).
-66
Let o(w) = w**3 - 66*w**2 - 674*w - 99. Determine o(75).
-24
Let j(r) = -7*r + 221. What is j(31)?
4
Let s(h) = -3*h**3 + 253*h**2 - 84*h + 14. Determine s(84).
14
Let n(l) = 1973*l + 27586. Calculate n(-14).
-36
Let b(w) = 2*w**3 - w**2 - 47*w - 44. Determine b(-4).
0
Let y(v) = 308*v**2 - 1850*v + 2. Calculate y(6).
-10
Let h(l) = -15*l**2 + l - 309. Determine h(0).
-309
Let k(t) = 2*t**3 - 3*t**2 - 14*t + 7. Determine k(3).
-8
Let r(j) = j**3 - 10*j**2 + 23*j - 69. What is r(4)?
-73
Let l(h) = 5*h**3 - 19*h**2 - 9*h + 34. Give l(3).
-29
Let o(s) = 821*s + 43508. Give o(-53).
-5
Let f(a) = 37*a - 2276. What is f(56)?
-204
Let y(p) = -3*p**2 - 127*p - 728. Give y(-6).
-74
Let y(u) = 6*u**3 - 71*u**2 - 30*u + 26. Determine y(12).
-190
Let u(z) = 20*z + 3977. Calculate u(-198).
17
Let i(s) = s**3 + 13*s**2 + 34*s - 39. Determine i(-6).
9
Let y(t) = -t**2 - 26*t - 181. Give y(-8).
-37
Let y(x) = -x**3 + 92*x**2 + 237*x - 4643. Calculate y(94).
-37
Let z(l) = -l**2 + l + 55. Determine z(6).
25
Let o(f) = -67*f - 4445. Give o(-66).
-23
Let x(p) = p**3 + 8*p**2 + 9*p + 13. Calculate x(-6).
31
Let v(z) = -2*z**2 + 45*z + 22. Calculate v(23).
-1
Let y(w) = -75*w - 1760. Give y(-22).
-110
Let x(c) = 29*c + 84. Determine x(-30).
-786
Let z(d) = 4*d**2 - 74*d + 23. What is z(18)?
-13
Let k(f) = 15*f + 197. Determine k(-15).
-28
Let k(p) = -783*p - 3132. Calculate k(-4).
0
Let k(t) = -4*t**2 - 114*t + 3351. Calculate k(18).
3
Let l(i) = -16*i**2 - 7*i - 4. Give l(-3).
-127
Let g(y) = -4*y**3 - 279*y**2 - 210*y - 204. Calculate g(-69).
3
Let c(z) = -z**2 - 60*z - 392. Calculate c(-53).
-21
Let w(q) = -q**2 + 1189*q - 10618. Give w(9).
2
Let w(c) = 142*c + 384. Give w(-3).
-42
Let p(l) = l**3 + 93*l**2 + 282*l + 1170. Calculate p(-90).
90
Let b(i) = -3*i**2 - 9. Determine b(0).
-9
Let a(m) = 4*m**2 - 358*m - 377. What is a(91)?
169
Let k(z) = z**3 - 235*z**2 - 6*z + 1411. Calculate k(235).
1
Let o(l) = 3*l**3 - 14*l**2 - 2*l + 12. What is o(6)?
144
Let i(s) = 764*s + 13745. Determine i(-18).
-7
Let l(i) = 6908*i + 34540. Give l(-5).
0
Let q(g) = -g**3 + 2*g**2 - 2*g. Calculate q(0).
0
Let u(k) = k**2 + 1322*k + 11788. Calculate u(-9).
-29
Let p(f) = 2*f**2 - 26*f + 91. Calculate p(5).
11
Let h(d) = 13*d**2 - 397*d - 609. Calculate h(32).
-1
Let w(p) = -36*p - 1691. Determine w(-45).
-71
Let x(i) = -34*i + 177. Calculate x(4).
41
Let l(g) = -7*g**2 - g + 170. What is l(9)?
-406
Let f(v) = -v**2 - 53*v + 838. What is f(-69)?
-266
Let x(n) = -2*n**3 + 36*n**2 + 47*n - 91. Give x(19).
80
Let v(x) = -4*x**2 + 20*x + 149. Determine v(-4).
5
Let f(d) = -d**3 - 12*d**2 - 22*d - 38. Determine f(-9).
-83
Let z(i) = -243*i - 7299. Give z(-30).
-9
Let w(j) = -j**3 - 65*j**2 - 407*j - 197. Calculate w(-58).
-139
Let t(d) = d**3 - 22*d**2 + 123*d + 15. What is t(13)?
93
Let a(z) = -2*z**2 - 2*z + 206. Determine a(0).
206
Let g(m) = m**3 - 135*m**2 + 488*m + 4698. Calculate g(131).
-18
Let m(y) = 2*y**3 - 2*y**2 - 10*y - 1. What is m(4)?
55
Let j(c) = -c**3 - 2*c**2 + 84*c + 19. Give j(8).
51
Let d(l) = l**2 - 522*l - 7471. What is d(-14)?
33
Let j(y) = 4*y**2 + 75*y - 10. What is j(-19)?
9
Let m(t) = t**2 + 160*t - 674. Determine m(4).
-18
Let u(b) = 405*b**2 - 40907*b + 221. Give u(101).
19
Let t(q) = -233*q - 246. Give t(-1).
-13
Let n(y) = 2*y**3 - 18*y**2 - 66*y + 535. Give n(9).
-59
Let v(f) = 3*f**3 - 38*f**2 + 16*f + 85. What is v(12)?
-11
Let s(t) = -62*t - 463. What is s(-8)?
33
Let k(c) = -2*c - 404. Give k(-204).
4
Let r(g) = g**3 - 34*g**2 - 498*g - 29. What is r(-11)?
4
Let z(g) = 3*g**3 + 7*g**2 + 6*g - 3. Determine z(-4).
-107
Let b(q) = 4*q**2 - 55*q - 3. Calculate b(17).
218
Let f(c) = 15*c**2 - 28*c - 4. Give f(2).
0
Let b(n) = -168*n + 635. Determine b(3).
131
Let z(v) = v**3 + 14*v**2 + 32*v + 31. Give z(-13).
-216
Let b(o) = o**3 + 135*o**2 + 895*o